 662?
2, 331
What are the prime factors of 7148?
2, 1787
What are the prime factors of 15395?
5, 3079
List the prime factors of 22611.
3, 7537
What are the prime factors of 2452?
2, 613
What are the prime factors of 1213?
1213
What are the prime factors of 81626?
2, 40813
What are the prime factors of 1012?
2, 11, 23
What are the prime factors of 1813?
7, 37
List the prime factors of 2302.
2, 1151
List the prime factors of 3638.
2, 17, 107
What are the prime factors of 16975?
5, 7, 97
List the prime factors of 4130.
2, 5, 7, 59
List the prime factors of 77187.
3, 11, 2339
What are the prime factors of 164?
2, 41
What are the prime factors of 6477?
3, 17, 127
What are the prime factors of 14986?
2, 59, 127
List the prime factors of 37225.
5, 1489
List the prime factors of 810.
2, 3, 5
List the prime factors of 33.
3, 11
List the prime factors of 6698.
2, 17, 197
What are the prime factors of 2600?
2, 5, 13
What are the prime factors of 65246?
2, 17, 19, 101
What are the prime factors of 33122?
2, 16561
What are the prime factors of 8677?
8677
List the prime factors of 1849.
43
What are the prime factors of 990?
2, 3, 5, 11
List the prime factors of 10467.
3, 1163
What are the prime factors of 59375?
5, 19
List the prime factors of 10968.
2, 3, 457
List the prime factors of 12605.
5, 2521
List the prime factors of 13250.
2, 5, 53
List the prime factors of 83815.
5, 16763
What are the prime factors of 837?
3, 31
What are the prime factors of 2197?
13
List the prime factors of 82.
2, 41
List the prime factors of 4292.
2, 29, 37
List the prime factors of 39822.
2, 3, 6637
What are the prime factors of 1172?
2, 293
List the prime factors of 484.
2, 11
What are the prime factors of 1789?
1789
List the prime factors of 11391.
3, 3797
What are the prime factors of 1930?
2, 5, 193
What are the prime factors of 1097?
1097
List the prime factors of 101286.
2, 3, 17, 331
What are the prime factors of 21198?
2, 3, 3533
List the prime factors of 47255.
5, 13, 727
What are the prime factors of 3793?
3793
What are the prime factors of 9928?
2, 17, 73
What are the prime factors of 23142?
2, 3, 7, 19, 29
What are the prime factors of 3842?
2, 17, 113
List the prime factors of 428.
2, 107
What are the prime factors of 436?
2, 109
List the prime factors of 6942.
2, 3, 13, 89
What are the prime factors of 27840?
2, 3, 5, 29
What are the prime factors of 160122?
2, 3, 26687
List the prime factors of 2953.
2953
What are the prime factors of 16249?
16249
List the prime factors of 24314.
2, 12157
List the prime factors of 20365.
5, 4073
What are the prime factors of 4854?
2, 3, 809
List the prime factors of 101642.
2, 50821
What are the prime factors of 1859?
11, 13
What are the prime factors of 53812?
2, 11, 1223
What are the prime factors of 48632?
2, 6079
List the prime factors of 12649.
7, 13, 139
What are the prime factors of 233?
233
List the prime factors of 1259.
1259
List the prime factors of 2024.
2, 11, 23
What are the prime factors of 4014?
2, 3, 223
List the prime factors of 22669.
22669
What are the prime factors of 14589?
3, 1621
List the prime factors of 148239.
3, 7, 13, 181
What are the prime factors of 3673?
3673
What are the prime factors of 25762?
2, 11, 1171
What are the prime factors of 23839?
31, 769
List the prime factors of 17.
17
List the prime factors of 1530.
2, 3, 5, 17
What are the prime factors of 73165?
5, 14633
What are the prime factors of 30438?
2, 3, 19, 89
What are the prime factors of 24890?
2, 5, 19, 131
List the prime factors of 1425.
3, 5, 19
What are the prime factors of 3208?
2, 401
What are the prime factors of 27118?
2, 7, 13, 149
What are the prime factors of 2749?
2749
What are the prime factors of 285?
3, 5, 19
List the prime factors of 1013.
1013
List the prime factors of 17730.
2, 3, 5, 197
List the prime factors of 15554.
2, 7, 11, 101
List the prime factors of 947.
947
List the prime factors of 18387.
3, 227
What are the prime factors of 909?
3, 101
What are the prime factors of 2976?
2, 3, 31
List the prime factors of 315.
3, 5, 7
List the prime factors of 5742.
2, 3, 11, 29
What are the prime factors of 3714?
2, 3, 619
List the prime factors of 1937.
13, 149
List the prime factors of 19751.
19751
What are the prime factors of 2329?
17, 137
What are the prime factors of 11639?
103, 113
List the prime factors of 153.
3, 17
What are the prime factors of 1390?
2, 5, 139
List the prime factors of 375.
3, 5
What are the prime factors of 23602?
2, 11801
What are the prime factors of 100498?
2, 109, 461
List the prime factors of 38923.
38923
List the prime factors of 265.
5, 53
List the prime factors of 1526.
2, 7, 109
List the prime factors of 4912.
2, 307
What are the prime factors of 4261?
4261
List the prime factors of 1933.
1933
List the prime factors of 94544.
2, 19, 311
List the prime factors of 42435.
3, 5, 23, 41
List the prime factors of 39478.
2, 19739
What are the prime factors of 119?
7, 17
What are the prime factors of 3413?
3413
What are the prime factors of 17934?
2, 3, 7, 61
List the prime factors of 53217.
3, 73
List the prime factors of 6849.
3, 761
List the prime factors of 2221.
2221
What are the prime factors of 1349?
19, 71
List the prime factors of 1780.
2, 5, 89
List the prime factors of 794.
2, 397
List the prime factors of 12048.
2, 3, 251
What are the prime factors of 6167?
7, 881
List the prime factors of 21523.
21523
List the prime factors of 7482.
2, 3, 29, 43
List the prime factors of 349.
349
List the prime factors of 2477.
2477
What are the prime factors of 16210?
2, 5, 1621
List the prime factors of 49917.
3, 7, 2377
What are the prime factors of 344?
2, 43
What are the prime factors of 13178?
2, 11, 599
What are the prime factors of 5308?
2, 1327
List the prime factors of 42591.
3, 14197
What are the prime factors of 829?
829
List the prime factors of 94541.
94541
What are the prime factors of 108676?
2, 101, 269
What are the prime factors of 255?
3, 5, 17
What are the prime factors of 59549?
7, 47, 181
What are the prime factors of 2667?
3, 7, 127
List the prime factors of 23169.
3, 7723
List the prime factors of 41948.
2, 10487
What are the prime factors of 7040?
2, 5, 11
What are the prime factors of 30970?
2, 5, 19, 163
List the prime factors of 69251.
7, 13, 761
List the prime factors of 697.
17, 41
What are the prime factors of 66330?
2, 3, 5, 11, 67
What are the prime factors of 1563?
3, 521
What are the prime factors of 1449?
3, 7, 23
What are the prime factors of 47391?
3, 15797
List the prime factors of 1894.
2, 947
List the prime factors of 100730.
2, 5, 7, 1439
List the prime factors of 2.
2
List the prime factors of 1909.
23, 83
List the prime factors of 165751.
83, 1997
List the prime factors of 3428.
2, 857
List the prime factors of 67162.
2, 33581
List the prime factors of 2286.
2, 3, 127
List the prime factors of 1052.
2, 263
What are the prime factors of 3909?
3, 1303
List the prime factors of 2174.
2, 1087
What are the prime factors of 7122?
2, 3, 1187
List the prime factors of 233.
233
What are the prime factors of 1197?
3, 7, 19
What are the prime factors of 82224?
2, 3, 571
List the prime factors of 5603.
13, 431
List the prime factors of 64266.
2, 3, 10711
What are the prime factors of 1177?
11, 107
List the prime factors of 72766.
2, 36383
What are the prime factors of 2434?
2, 1217
What are the prime factors of 6832?
2, 7, 61
List the prime factors of 24872.
2, 3109
What are the prime factors of 883?
883
What are the prime factors of 7013?
7013
What are the prime factors of 1284?
2, 3, 107
List the prime factors of 131.
131
What are the prime factors of 14073?
3, 4691
What are the prime factors of 1173?
3, 17, 23
What are the prime factors of 1921?
17, 113
List the prime factors of 623.
7, 89
What are the prime factors of 35062?
2, 47, 373
List the prime factors of 5152.
2, 7, 23
List the prime factors of 154.
2, 7, 11
List the prime factors of 42905.
5, 8581
List the prime factors of 7861.
7, 1123
What are the prime factors of 57788?
2, 14447
List the prime factors of 37691.
37691
What are the prime factors of 838?
2, 419
List the prime factors of 432.
2, 3
What are the prime factors of 71495?
5, 79, 181
List the prime factors of 523.
523
List the prime fac